6
Let y(o) = o + 1. Suppose -3*q + 0*q = -5*l - 35, 2 = 2*q + 2*l. What is the units digit of y(q)?
6
Let j(a) = a**3 + 3*a**2 - 4*a + 3. Let c be j(-4). Suppose c*n - 105 + 33 = 0. What is the units digit of n?
4
Let i = 17 + -23. Suppose -4*r + 68 = -4*b, -4*b + 20 = 2*r + 70. Let y = i - b. What is the units digit of y?
8
Suppose 20 = 5*l, -5*v + 10*v = 3*l + 223. What is the tens digit of v?
4
Let r = -13 - -18. Suppose -5*m + u - 5*u = -19, 4*m - 3*u = 9. Suppose m*q - 24 = -5*x, -x - x + r*q = -22. What is the units digit of x?
6
Suppose -3*h + 40 = -35. What is the units digit of h?
5
Let n = 45 - 15. What is the tens digit of n?
3
Let r(y) be the third derivative of y**4/8 - y**3/3 + 2*y**2. Let w be r(-6). Let h = w + 35. What is the tens digit of h?
1
What is the tens digit of 2 + 9/((-36)/(-80))?
2
Let x(a) be the third derivative of a**6/120 + 2*a**5/15 - 5*a**4/12 - 4*a**3/3 - 9*a**2. Let l = -1 - 8. What is the units digit of x(l)?
1
Let c be 12/(-20)*230/(-2). Let b = c - 43. What is the units digit of b?
6
Suppose 4*q + 12 = -4*b, q + q - 24 = 4*b. Let a = 11 + b. What is the units digit of a?
6
Let c(x) = -3*x**2 + 5*x**3 - 4*x**3 - 2 - 2*x**3 - 3*x. Let o be c(-3). Let p = 11 - o. What is the units digit of p?
4
Let a = 7 - 4. Suppose -5*u + g + 14 = 0, -a*u - g + 13 = 3. Suppose 0 = -u*w + 3, -3*n + 4*w = -19 + 2. What is the units digit of n?
7
What is the units digit of 12 - (2/1 - -1)?
9
Suppose 5*p - 2*o + 202 = 1336, 0 = 4*o - 12. What is the units digit of p?
8
Let q be 10*(-8)/(-60)*3. Let m be (-1 + 4)/((-3)/(-2)). Suppose -2*i = m*w - 6, 0 = q*w + 2*i - i - 18. What is the units digit of w?
5
Let l(x) = 10*x - 5. What is the tens digit of l(3)?
2
Suppose -5*s + 580 = c + c, 0 = 4*s - c - 464. What is the hundreds digit of s?
1
Suppose 2*i - 125 = -3*i. Suppose -3*x = -i + 1. What is the units digit of x?
8
Suppose n = 9 + 14. What is the units digit of n?
3
Suppose -2*y - 6 = -4*w, -5*y - 3 = -8. Let f = w + 6. Let t = 14 - f. What is the units digit of t?
6
Suppose 8 + 7 = 3*o. Suppose -1 = -o*l + 4*l. Suppose -3*f - l = -37. What is the units digit of f?
2
Suppose -2*n + 38 + 52 = -5*z, -4*z = 3*n - 89. What is the tens digit of n?
3
Let a = -30 - -45. Let z = -4 + a. What is the units digit of z?
1
Let z(b) = b**2 - 1 - 27*b - 2*b**2 + 17*b. What is the units digit of z(-9)?
8
Suppose -238 + 650 = 4*w. What is the units digit of w?
3
Let o = -2 - -6. Let r(h) = 14*h**3 - 21*h**2 + 17*h - 13. Let n(l) = -5*l**3 + 7*l**2 - 6*l + 4. Let x(q) = o*r(q) + 11*n(q). What is the units digit of x(7)?
6
Suppose -400 = -2*x - 2*c, -2*x - 3*c + 6*c + 425 = 0. What is the hundreds digit of x?
2
Let g be 2/(-4)*-8 - -2. Let f = g - 4. Suppose -f*t + 12 = 4*m, 4*m + t - 14 = -2*t. What is the units digit of m?
2
Suppose 75 = w - 117. What is the tens digit of w?
9
Let a(j) = j**3 + 6*j**2 + 2*j - 4. Let m be a(-5). Suppose 5*b + 1 = m. Suppose -5*h + 123 = -0*h + b*w, 2*w + 38 = 2*h. What is the tens digit of h?
2
Suppose -25 = -3*c - 4*n, 6 = -2*c + n + 2*n. Let o(h) = -4*h**3 + 5*h**3 + c*h - 5*h**2 + 1 - 2*h. What is the units digit of o(5)?
6
Let r(d) = d - 3. Let k be r(7). Let m(c) = 2*c**2 + c**3 - 4*c**2 + 2*c + 2 - k + 0. What is the units digit of m(2)?
2
Let v(r) = -4*r + 0 - 1 - 4 - 6. What is the units digit of v(-8)?
1
Let g = -5 + 9. Suppose -84 = -3*n - 0*f - 4*f, -2*f = -g*n + 112. What is the units digit of n?
8
What is the units digit of ((-204)/(-10))/(54/180)?
8
Let y be -10*(-9)/6*3. Suppose -10 = -5*u + y. What is the units digit of u?
1
Suppose 0 = -8*a + 3*a + 20. Suppose y - 4 = 0, 10 + 30 = 4*s + a*y. What is the units digit of s?
6
Let i be (-6)/8 - 6/(-8). Let q = -6 + i. Let c = q - -11. What is the units digit of c?
5
Let m(r) = r**2 + r + 1. Let j be m(-2). Suppose -4*k - k + 4*y = -36, -8 = -5*k - j*y. Suppose -k*p = -8, 3*p = -4*b + 2*p + 18. What is the units digit of b?
4
Suppose -6 = -5*x + 9. Let t(u) = 4*u**2 - 3*u - 2. Let m be t(x). Suppose -2*c + 19 = 4*s - 1, 0 = 5*s + 3*c - m. What is the units digit of s?
5
Suppose 3*z - 3*q - 258 = 0, -2*q + 257 = 3*z - 4*q. What is the tens digit of z?
8
Suppose 0 = -3*j + 119 + 511. What is the hundreds digit of j?
2
Let f = 5 + -3. Suppose 0*i - f = 2*y - 2*i, 5*i = -20. Let m(l) = -2*l - 5. What is the units digit of m(y)?
5
Suppose -2*i - 5 = -2*k - 45, 118 = 5*i + k. What is the tens digit of i?
2
Let k = -3 - -5. Let a be (-7 + k)*3/(-5). Suppose -a*m = 0, -3*s + 6 = -s - 3*m. What is the units digit of s?
3
Let b be ((-9)/(-6))/(12/16). Suppose 0 = -b*q + 3*q + 2*h - 17, 4*q = -h + 82. What is the tens digit of q?
2
Let m(q) = -q**2 + 4*q. Let b be m(4). What is the tens digit of b - (-21 + (-1 - -3))?
1
Let w = -48 - -111. What is the tens digit of w?
6
Let r(d) = d**3 + 6*d**2 + 6*d + 4. Let z be r(-5). What is the units digit of (35/(-15))/(z/3)?
7
Suppose 2*r - h - 476 = -0*h, -r + 4*h = -252. What is the units digit of r?
6
Suppose 3*d + 3 = 4*p - 4, -3*p = -5*d + 3. What is the units digit of (-14)/p*(-13 + 3)?
5
Let l be -7*((-3)/1 - 0). Suppose 2*n - l = -n. What is the units digit of n?
7
Let m(q) = 9*q**2 - q. What is the units digit of m(-1)?
0
Suppose -5*p = -4*g - 0 + 233, 2*p = 2*g - 116. What is the units digit of g?
7
Suppose -i - 1 + 2 = 0. Let p(x) = -x + 1. Let j be p(i). Suppose -15 = -y + 6*y - 4*d, j = -y + d - 4. What is the units digit of y?
1
Suppose -5*u + 3*k = -114, -u = -k - 30 + 6. Let d = u - 8. What is the tens digit of d?
1
Suppose -5*x + 511 = -224. What is the units digit of x?
7
Suppose 41 - 35 = k. What is the units digit of k?
6
Suppose 0 = -4*t - 5*w + 8, -7 = t - 0*w - w. Let g be 2 - t/((-9)/3). Let p = 0 + g. What is the units digit of p?
1
Let f be (-3 - -4)*14/(-2). Let p(r) be the first derivative of -r**2 - 10*r - 3. What is the units digit of p(f)?
4
Suppose 7 + 49 = 2*x. What is the units digit of x?
8
Let r = -15 + 18. Suppose r*m = m + 58. What is the tens digit of m?
2
Let l = -46 - -67. What is the units digit of l?
1
Let q = -105 - -155. Suppose -6*h = -5*s - h + q, -30 = -3*s + 4*h. What is the tens digit of s?
1
What is the tens digit of 18/(3 - 6/(9/3))?
1
Let l = 13 - 20. Let p(r) be the second derivative of -r**4/12 - 4*r**3/3 - 3*r**2/2 - 2*r. What is the units digit of p(l)?
4
Suppose -2*q - 3*q + 142 = -3*h, 0 = 5*h - 5. What is the tens digit of q?
2
Let v = -21 + 34. Suppose -r = -5*y + v, -4*y - 1 = -5*r - 3. Suppose -r*j + 4*j - 4 = 0. What is the units digit of j?
2
Suppose 2*g - g - 4 = 0. What is the units digit of (-1 - 19)*g/(-10)?
8
Suppose 0 = 4*f - 3*h + 21, 3*f + 3*h = -0*f. Let p be 1/(3 + 1 + f). Let t(l) = 15*l - 1. What is the tens digit of t(p)?
1
Suppose -21*x = -26*x + 670. What is the units digit of x?
4
Suppose 0 = -4*p + 9 + 7. Suppose p = -4*u + 12. What is the units digit of (13 - (-1 + 2))/u?
6
Suppose 0 = -4*g + 4*k - 44, 2*g + 3*g + 65 = 3*k. Let p be 1 - (-1 + 1 + -24). Let z = p + g. What is the units digit of z?
9
Let a(r) = 1. Let u(b) = -b - 14. Let d(i) = -4*a(i) - u(i). Let y be -5 - ((-1)/(-1))/1. What is the units digit of d(y)?
4
Suppose 34 = v + 5*l - 14, -59 = -3*v + 2*l. What is the units digit of v?
3
Let r(b) = -b**2 - 3*b + 2. Let n be r(-2). Suppose -3*v + 48 = -3*w, -n*v + 6*v + 4*w - 20 = 0. What is the tens digit of v?
1
Suppose 11 - 38 = 3*c. Let j = c - -21. What is the tens digit of j?
1
Let n = 2 - 1. What is the units digit of n?
1
Suppose -4 = r + k + 29, 4*r - 3*k + 146 = 0. Let c = r + 59. What is the units digit of c?
4
Suppose 5*b + 1 + 4 = 0. Let i = 4 + b. Suppose -y + i = 1. What is the units digit of y?
2
Suppose -15 = -f + 6. What is the units digit of f?
1
Let j be (9/5)/((-2)/(-10)). Suppose 7 = 2*t - j. Let l = t + -3. What is the units digit of l?
5
Let u(h) = 2*h**2 + 8*h + 17. What is the tens digit of u(-4)?
1
Suppose p + 4 = 9, -p = -t + 115. Suppose t = 3*a + 2*a. What is the units digit of a?
4
Let m(p) = p**3 + 7*p**2 + 4*p - 4. Let d be m(-6). Suppose -2 = 3*k - d. What is the units digit of k + (1 + -1)/(-1)?
2
Let k(s) = -s**2 + 11*s + 5. Let t = 11 - 0. What is the units digit of k(t)?
5
Suppose -4*m = -0*m - 4*i - 1040, -5*m + 1260 = 5*i. What is the units digit of m?
6
Suppose 2*w + 4*j = -0*w - 16,